{"id":9,"date":"2025-05-28T22:37:38","date_gmt":"2025-05-28T22:37:38","guid":{"rendered":"https:\/\/web.nas.dewwwe.com\/Ecco-Eco\/?page_id=9"},"modified":"2025-07-23T16:35:29","modified_gmt":"2025-07-23T15:35:29","slug":"lagence","status":"publish","type":"page","link":"https:\/\/web.nas.dewwwe.com\/Ecco-Eco\/lagence\/","title":{"rendered":"L&rsquo;Agence"},"content":{"rendered":"\t\t<div data-elementor-type=\"wp-page\" data-elementor-id=\"9\" class=\"elementor elementor-9\">\n\t\t\t\t<div class=\"elementor-element elementor-element-893cae2 e-con-full e-flex e-con e-parent\" data-id=\"893cae2\" data-element_type=\"container\">\n\t\t<div class=\"elementor-element elementor-element-74d353f e-con-full e-flex e-con e-child\" data-id=\"74d353f\" data-element_type=\"container\">\n\t\t<div class=\"elementor-element elementor-element-4470832 e-con-full e-flex e-con e-child\" data-id=\"4470832\" data-element_type=\"container\">\n\t\t\t\t<div class=\"elementor-element elementor-element-ffc606d elementor-widget elementor-widget-heading\" data-id=\"ffc606d\" data-element_type=\"widget\" data-widget_type=\"heading.default\">\n\t\t\t\t<div class=\"elementor-widget-container\">\n\t\t\t\t\t<h2 class=\"elementor-heading-title elementor-size-default\">Parcours<\/h2>\t\t\t\t<\/div>\n\t\t\t\t<\/div>\n\t\t\t\t<div class=\"elementor-element elementor-element-ad5b435 elementor-widget elementor-widget-text-editor\" data-id=\"ad5b435\" data-element_type=\"widget\" data-widget_type=\"text-editor.default\">\n\t\t\t\t<div class=\"elementor-widget-container\">\n\t\t\t\t\t\t\t\t\t<p>Diff\u00e9rents projets que nous avons trait\u00e9s lors de notre passage dans des agences internationales comme Architecture Studio ou Zaha Hadid.<br \/>Ecco-eco est une agence nouvelle g\u00e9n\u00e9ration fond\u00e9e par Soumaya NAOUN, architecte exp\u00e9riment\u00e9e inscrite \u00e0 l\u2019ordre des architectes de Rh\u00f4ne-Alpes.<\/p>\t\t\t\t\t\t\t\t<\/div>\n\t\t\t\t<\/div>\n\t\t\t\t<div class=\"elementor-element elementor-element-4e1990b elementor-align-left elementor-widget elementor-widget-button\" data-id=\"4e1990b\" data-element_type=\"widget\" data-widget_type=\"button.default\">\n\t\t\t\t<div class=\"elementor-widget-container\">\n\t\t\t\t\t\t\t\t\t<div class=\"elementor-button-wrapper\">\n\t\t\t\t\t<a class=\"elementor-button elementor-button-link elementor-size-sm\" href=\"https:\/\/web.nas.dewwwe.com\/Ecco-Eco\/lagence\/parcours\/\">\n\t\t\t\t\t\t<span class=\"elementor-button-content-wrapper\">\n\t\t\t\t\t\t<span class=\"elementor-button-icon\">\n\t\t\t\t<svg aria-hidden=\"true\" class=\"e-font-icon-svg e-fas-chevron-right\" viewBox=\"0 0 320 512\" xmlns=\"http:\/\/www.w3.org\/2000\/svg\"><path d=\"M285.476 272.971L91.132 467.314c-9.373 9.373-24.569 9.373-33.941 0l-22.667-22.667c-9.357-9.357-9.375-24.522-.04-33.901L188.505 256 34.484 101.255c-9.335-9.379-9.317-24.544.04-33.901l22.667-22.667c9.373-9.373 24.569-9.373 33.941 0L285.475 239.03c9.373 9.372 9.373 24.568.001 33.941z\"><\/path><\/svg>\t\t\t<\/span>\n\t\t\t\t\t\t\t\t\t<span class=\"elementor-button-text\">En savoir<\/span>\n\t\t\t\t\t<\/span>\n\t\t\t\t\t<\/a>\n\t\t\t\t<\/div>\n\t\t\t\t\t\t\t\t<\/div>\n\t\t\t\t<\/div>\n\t\t\t\t<\/div>\n\t\t<div class=\"elementor-element elementor-element-d66429b e-con-full e-flex e-con e-child\" data-id=\"d66429b\" data-element_type=\"container\">\n\t\t\t\t<div class=\"elementor-element elementor-element-1fd3a07 elementor-widget elementor-widget-heading\" data-id=\"1fd3a07\" data-element_type=\"widget\" data-widget_type=\"heading.default\">\n\t\t\t\t<div class=\"elementor-widget-container\">\n\t\t\t\t\t<h2 class=\"elementor-heading-title elementor-size-default\">Pourquoi faire appel \u00e0 un architecte ?\n<\/h2>\t\t\t\t<\/div>\n\t\t\t\t<\/div>\n\t\t\t\t<div class=\"elementor-element elementor-element-6d86854 elementor-widget elementor-widget-text-editor\" data-id=\"6d86854\" data-element_type=\"widget\" data-widget_type=\"text-editor.default\">\n\t\t\t\t<div class=\"elementor-widget-container\">\n\t\t\t\t\t\t\t\t\t<p>L\u2019architecte est le seul \u00e0 \u00eatre habilit\u00e9 \u00e0 vous accompagner dans votre projet immobilier sous tous ses aspects techniques, d\u00e9coratifs, \u00e9conomiques et r\u00e9glementaires.<\/p>\t\t\t\t\t\t\t\t<\/div>\n\t\t\t\t<\/div>\n\t\t\t\t<div class=\"elementor-element elementor-element-3152b08 elementor-align-left elementor-widget elementor-widget-button\" data-id=\"3152b08\" data-element_type=\"widget\" data-widget_type=\"button.default\">\n\t\t\t\t<div class=\"elementor-widget-container\">\n\t\t\t\t\t\t\t\t\t<div class=\"elementor-button-wrapper\">\n\t\t\t\t\t<a class=\"elementor-button elementor-button-link elementor-size-sm\" href=\"https:\/\/web.nas.dewwwe.com\/Ecco-Eco\/lagence\/pourquoi-faire-appel-a-un-architecte\/\">\n\t\t\t\t\t\t<span class=\"elementor-button-content-wrapper\">\n\t\t\t\t\t\t<span class=\"elementor-button-icon\">\n\t\t\t\t<svg aria-hidden=\"true\" class=\"e-font-icon-svg e-fas-chevron-right\" viewBox=\"0 0 320 512\" xmlns=\"http:\/\/www.w3.org\/2000\/svg\"><path d=\"M285.476 272.971L91.132 467.314c-9.373 9.373-24.569 9.373-33.941 0l-22.667-22.667c-9.357-9.357-9.375-24.522-.04-33.901L188.505 256 34.484 101.255c-9.335-9.379-9.317-24.544.04-33.901l22.667-22.667c9.373-9.373 24.569-9.373 33.941 0L285.475 239.03c9.373 9.372 9.373 24.568.001 33.941z\"><\/path><\/svg>\t\t\t<\/span>\n\t\t\t\t\t\t\t\t\t<span class=\"elementor-button-text\">En savoir<\/span>\n\t\t\t\t\t<\/span>\n\t\t\t\t\t<\/a>\n\t\t\t\t<\/div>\n\t\t\t\t\t\t\t\t<\/div>\n\t\t\t\t<\/div>\n\t\t\t\t<\/div>\n\t\t<div class=\"elementor-element elementor-element-a1156e9 e-con-full e-flex e-con e-child\" data-id=\"a1156e9\" data-element_type=\"container\">\n\t\t\t\t<div class=\"elementor-element elementor-element-1b37408 elementor-widget elementor-widget-heading\" data-id=\"1b37408\" data-element_type=\"widget\" data-widget_type=\"heading.default\">\n\t\t\t\t<div class=\"elementor-widget-container\">\n\t\t\t\t\t<h2 class=\"elementor-heading-title elementor-size-default\">Notre vision : un mod\u00e8le unique\n<\/h2>\t\t\t\t<\/div>\n\t\t\t\t<\/div>\n\t\t\t\t<div class=\"elementor-element elementor-element-8459407 elementor-widget elementor-widget-text-editor\" data-id=\"8459407\" data-element_type=\"widget\" data-widget_type=\"text-editor.default\">\n\t\t\t\t<div class=\"elementor-widget-container\">\n\t\t\t\t\t\t\t\t\tNotre offre aux particuliers est bas\u00e9e sur un service d\u2019accompagnement complet et nous vous offrons la garantie que nos efforts sont enti\u00e8rement consacr\u00e9s \u00e0 vos int\u00e9r\u00eats, pratiques et \u00e9conomiques.\t\t\t\t\t\t\t\t<\/div>\n\t\t\t\t<\/div>\n\t\t\t\t<div class=\"elementor-element elementor-element-4ee3dba elementor-align-left elementor-widget elementor-widget-button\" data-id=\"4ee3dba\" data-element_type=\"widget\" data-widget_type=\"button.default\">\n\t\t\t\t<div class=\"elementor-widget-container\">\n\t\t\t\t\t\t\t\t\t<div class=\"elementor-button-wrapper\">\n\t\t\t\t\t<a class=\"elementor-button elementor-button-link elementor-size-sm\" href=\"https:\/\/web.nas.dewwwe.com\/Ecco-Eco\/lagence\/notre-vision\/\">\n\t\t\t\t\t\t<span class=\"elementor-button-content-wrapper\">\n\t\t\t\t\t\t<span class=\"elementor-button-icon\">\n\t\t\t\t<svg aria-hidden=\"true\" class=\"e-font-icon-svg e-fas-chevron-right\" viewBox=\"0 0 320 512\" xmlns=\"http:\/\/www.w3.org\/2000\/svg\"><path d=\"M285.476 272.971L91.132 467.314c-9.373 9.373-24.569 9.373-33.941 0l-22.667-22.667c-9.357-9.357-9.375-24.522-.04-33.901L188.505 256 34.484 101.255c-9.335-9.379-9.317-24.544.04-33.901l22.667-22.667c9.373-9.373 24.569-9.373 33.941 0L285.475 239.03c9.373 9.372 9.373 24.568.001 33.941z\"><\/path><\/svg>\t\t\t<\/span>\n\t\t\t\t\t\t\t\t\t<span class=\"elementor-button-text\">En savoir<\/span>\n\t\t\t\t\t<\/span>\n\t\t\t\t\t<\/a>\n\t\t\t\t<\/div>\n\t\t\t\t\t\t\t\t<\/div>\n\t\t\t\t<\/div>\n\t\t\t\t<\/div>\n\t\t\t\t<\/div>\n\t\t\t\t<div class=\"elementor-element elementor-element-6ea4d27 elementor-widget elementor-widget-image-carousel\" data-id=\"6ea4d27\" data-element_type=\"widget\" data-settings=\"{&quot;slides_to_show&quot;:&quot;1&quot;,&quot;navigation&quot;:&quot;none&quot;,&quot;autoplay&quot;:&quot;yes&quot;,&quot;pause_on_hover&quot;:&quot;yes&quot;,&quot;pause_on_interaction&quot;:&quot;yes&quot;,&quot;autoplay_speed&quot;:5000,&quot;infinite&quot;:&quot;yes&quot;,&quot;effect&quot;:&quot;slide&quot;,&quot;speed&quot;:500}\" data-widget_type=\"image-carousel.default\">\n\t\t\t\t<div class=\"elementor-widget-container\">\n\t\t\t\t\t\t\t<div class=\"elementor-image-carousel-wrapper swiper\" role=\"region\" aria-roledescription=\"carousel\" aria-label=\"Carrousel d\u2019images\" dir=\"ltr\">\n\t\t\t<div class=\"elementor-image-carousel swiper-wrapper swiper-image-stretch\" aria-live=\"off\">\n\t\t\t\t\t\t\t\t<div class=\"swiper-slide\" role=\"group\" aria-roledescription=\"slide\" aria-label=\"1 sur 3\"><figure class=\"swiper-slide-inner\"><img decoding=\"async\" class=\"swiper-slide-image\" src=\"https:\/\/web.nas.dewwwe.com\/Ecco-Eco\/wp-content\/uploads\/2025\/07\/agence-ecco-eco-soumaya.jpg\" alt=\"agence-ecco-eco-soumaya\" \/><\/figure><\/div><div class=\"swiper-slide\" role=\"group\" aria-roledescription=\"slide\" aria-label=\"2 sur 3\"><figure class=\"swiper-slide-inner\"><img decoding=\"async\" class=\"swiper-slide-image\" src=\"https:\/\/web.nas.dewwwe.com\/Ecco-Eco\/wp-content\/uploads\/2025\/07\/agence01.jpg\" alt=\"agence01\" \/><\/figure><\/div><div class=\"swiper-slide\" role=\"group\" aria-roledescription=\"slide\" aria-label=\"3 sur 3\"><figure class=\"swiper-slide-inner\"><img decoding=\"async\" class=\"swiper-slide-image\" src=\"https:\/\/web.nas.dewwwe.com\/Ecco-Eco\/wp-content\/uploads\/2025\/07\/agence02.jpg\" alt=\"agence02\" \/><\/figure><\/div>\t\t\t<\/div>\n\t\t\t\t\t\t\t\n\t\t\t\t\t\t\t\t\t<\/div>\n\t\t\t\t\t\t<\/div>\n\t\t\t\t<\/div>\n\t\t\t\t<\/div>\n\t\t\t\t<\/div>\n\t\t","protected":false},"excerpt":{"rendered":"<p>Parcours Diff\u00e9rents projets que nous avons trait\u00e9s lors de notre passage dans des agences internationales comme Architecture Studio ou Zaha Hadid.Ecco-eco est une agence nouvelle g\u00e9n\u00e9ration fond\u00e9e par Soumaya NAOUN, &hellip; <a class=\"kt-excerpt-readmore more-link\" href=\"https:\/\/web.nas.dewwwe.com\/Ecco-Eco\/lagence\/\">Lire plus<\/a><\/p>\n","protected":false},"author":1,"featured_media":0,"parent":0,"menu_order":0,"comment_status":"closed","ping_status":"closed","template":"","meta":{"_acf_changed":false,"footnotes":""},"class_list":["post-9","page","type-page","status-publish","hentry"],"acf":[],"_links":{"self":[{"href":"https:\/\/web.nas.dewwwe.com\/Ecco-Eco\/wp-json\/wp\/v2\/pages\/9","targetHints":{"allow":["GET"]}}],"collection":[{"href":"https:\/\/web.nas.dewwwe.com\/Ecco-Eco\/wp-json\/wp\/v2\/pages"}],"about":[{"href":"https:\/\/web.nas.dewwwe.com\/Ecco-Eco\/wp-json\/wp\/v2\/types\/page"}],"author":[{"embeddable":true,"href":"https:\/\/web.nas.dewwwe.com\/Ecco-Eco\/wp-json\/wp\/v2\/users\/1"}],"replies":[{"embeddable":true,"href":"https:\/\/web.nas.dewwwe.com\/Ecco-Eco\/wp-json\/wp\/v2\/comments?post=9"}],"version-history":[{"count":25,"href":"https:\/\/web.nas.dewwwe.com\/Ecco-Eco\/wp-json\/wp\/v2\/pages\/9\/revisions"}],"predecessor-version":[{"id":540,"href":"https:\/\/web.nas.dewwwe.com\/Ecco-Eco\/wp-json\/wp\/v2\/pages\/9\/revisions\/540"}],"wp:attachment":[{"href":"https:\/\/web.nas.dewwwe.com\/Ecco-Eco\/wp-json\/wp\/v2\/media?parent=9"}],"curies":[{"name":"wp","href":"https:\/\/api.w.org\/{rel}","templated":true}]}}